{"id":1040,"date":"2018-04-17T07:29:23","date_gmt":"2018-04-17T07:29:23","guid":{"rendered":"https:\/\/centrebertrandgruss.com\/WordPress4\/?page_id=1040"},"modified":"2019-03-12T22:52:03","modified_gmt":"2019-03-12T22:52:03","slug":"femmes-le-festival","status":"publish","type":"page","link":"https:\/\/centrebertrandgruss.com\/WordPress4\/?page_id=1040","title":{"rendered":"FEMMES le f\u00e9stival"},"content":{"rendered":"<div id=\"cornice01main\">\n<div id=\"cornice02main\">\n<p>&#8220;Femmes&#8221; le f\u00e9stival tout au long de l&#8217;ann\u00e9e.<\/p>\n<p>Interviewes, spectacles, rencontres litt\u00e9raires, ateliers, expositions .<\/p>\n<div id=\"envira-gallery-wrap-1042\" class=\"envira-gallery-wrap envira-gallery-theme-base envira-lightbox-theme-base\" itemscope itemtype=\"https:\/\/schema.org\/ImageGallery\"><div data-row-height=\"\" data-gallery-theme=\"\" id=\"envira-gallery-1042\" class=\"envira-gallery-public  envira-gallery-3-columns envira-clear enviratope envira-gallery-css-animations\" data-envira-columns=\"3\"><div id=\"envira-gallery-item-1043\" class=\"envira-gallery-item enviratope-item envira-gallery-item-1 envira-lazy-load\" style=\"padding-left: 5px; padding-bottom: 10px; padding-right: 5px;\"  itemscope itemtype=\"https:\/\/schema.org\/ImageObject\"><div class=\"envira-gallery-item-inner\"><div class=\"envira-gallery-position-overlay  envira-gallery-top-left\"><\/div><div class=\"envira-gallery-position-overlay  envira-gallery-top-right\"><\/div><div class=\"envira-gallery-position-overlay  envira-gallery-bottom-left\"><\/div><div class=\"envira-gallery-position-overlay  envira-gallery-bottom-right\"><\/div><a href=\"https:\/\/centrebertrandgruss.com\/WordPress4\/wp-content\/uploads\/2018\/04\/art-gent-loc.jpg\" class=\"envira-gallery-1042 envira-gallery-link\" rel=\"enviragallery1042\" title=\"art gent loc\" data-envira-caption=\"art gent loc\" data-envira-retina=\"\" data-thumbnail=\"\"  itemprop=\"contentUrl\"><div class=\"envira-lazy\" data-test-width=\"640\" data-test-height=\"480\" style=\"padding-bottom:75%;\"><img decoding=\"async\" id=\"envira-gallery-image-1043\" class=\"envira-gallery-image envira-gallery-image-1\" data-envira-index=\"1\" src=\"https:\/\/centrebertrandgruss.com\/WordPress4\/wp-content\/uploads\/2018\/04\/art-gent-loc-759x1024-640x480.jpg\" data-envira-src=\"https:\/\/centrebertrandgruss.com\/WordPress4\/wp-content\/uploads\/2018\/04\/art-gent-loc-759x1024-640x480.jpg\" data-envira-gallery-id=\"1042\" data-envira-item-id=\"1043\" data-envira-caption=\"art gent loc\" alt=\"\" title=\"art gent loc\"  itemprop=\"thumbnailUrl\" data-envira-srcset=\"https:\/\/centrebertrandgruss.com\/WordPress4\/wp-content\/uploads\/2018\/04\/art-gent-loc-759x1024-640x480.jpg 400w,https:\/\/centrebertrandgruss.com\/WordPress4\/wp-content\/uploads\/2018\/04\/art-gent-loc-759x1024-640x480.jpg 2x\" srcset=\"data:image\/gif;base64,R0lGODlhAQABAIAAAP\/\/\/\/\/\/\/yH5BAEKAAEALAAAAAABAAEAAAICTAEAOw==\" \/><\/div><\/a><\/div><\/div><div id=\"envira-gallery-item-1044\" class=\"envira-gallery-item enviratope-item envira-gallery-item-2 envira-lazy-load\" style=\"padding-left: 5px; padding-bottom: 10px; padding-right: 5px;\"  itemscope itemtype=\"https:\/\/schema.org\/ImageObject\"><div class=\"envira-gallery-item-inner\"><div class=\"envira-gallery-position-overlay  envira-gallery-top-left\"><\/div><div class=\"envira-gallery-position-overlay  envira-gallery-top-right\"><\/div><div class=\"envira-gallery-position-overlay  envira-gallery-bottom-left\"><\/div><div class=\"envira-gallery-position-overlay  envira-gallery-bottom-right\"><\/div><a href=\"https:\/\/centrebertrandgruss.com\/WordPress4\/wp-content\/uploads\/2018\/04\/atelier-psdr.jpg\" class=\"envira-gallery-1042 envira-gallery-link\" rel=\"enviragallery1042\" title=\"atelier-psdr\" data-envira-caption=\"atelier-psdr\" data-envira-retina=\"\" data-thumbnail=\"\"  itemprop=\"contentUrl\"><div class=\"envira-lazy\" data-test-width=\"640\" data-test-height=\"480\" style=\"padding-bottom:75%;\"><img decoding=\"async\" id=\"envira-gallery-image-1044\" class=\"envira-gallery-image envira-gallery-image-2\" data-envira-index=\"2\" src=\"https:\/\/centrebertrandgruss.com\/WordPress4\/wp-content\/uploads\/2018\/04\/atelier-psdr-640x480.jpg\" data-envira-src=\"https:\/\/centrebertrandgruss.com\/WordPress4\/wp-content\/uploads\/2018\/04\/atelier-psdr-640x480.jpg\" data-envira-gallery-id=\"1042\" data-envira-item-id=\"1044\" data-envira-caption=\"atelier-psdr\" alt=\"\" title=\"atelier-psdr\"  itemprop=\"thumbnailUrl\" data-envira-srcset=\"https:\/\/centrebertrandgruss.com\/WordPress4\/wp-content\/uploads\/2018\/04\/atelier-psdr-640x480.jpg 400w,https:\/\/centrebertrandgruss.com\/WordPress4\/wp-content\/uploads\/2018\/04\/atelier-psdr-640x480.jpg 2x\" srcset=\"data:image\/gif;base64,R0lGODlhAQABAIAAAP\/\/\/\/\/\/\/yH5BAEKAAEALAAAAAABAAEAAAICTAEAOw==\" \/><\/div><\/a><\/div><\/div><div id=\"envira-gallery-item-1045\" class=\"envira-gallery-item enviratope-item envira-gallery-item-3 envira-lazy-load\" style=\"padding-left: 5px; padding-bottom: 10px; padding-right: 5px;\"  itemscope itemtype=\"https:\/\/schema.org\/ImageObject\"><div class=\"envira-gallery-item-inner\"><div class=\"envira-gallery-position-overlay  envira-gallery-top-left\"><\/div><div class=\"envira-gallery-position-overlay  envira-gallery-top-right\"><\/div><div class=\"envira-gallery-position-overlay  envira-gallery-bottom-left\"><\/div><div class=\"envira-gallery-position-overlay  envira-gallery-bottom-right\"><\/div><a href=\"https:\/\/centrebertrandgruss.com\/WordPress4\/wp-content\/uploads\/2018\/04\/la-tasca-di-tosca.jpg\" class=\"envira-gallery-1042 envira-gallery-link\" rel=\"enviragallery1042\" title=\"la-tasca-di-tosca\" data-envira-caption=\"la-tasca-di-tosca\" data-envira-retina=\"\" data-thumbnail=\"\"  itemprop=\"contentUrl\"><div class=\"envira-lazy\" data-test-width=\"640\" data-test-height=\"480\" style=\"padding-bottom:75%;\"><img decoding=\"async\" id=\"envira-gallery-image-1045\" class=\"envira-gallery-image envira-gallery-image-3\" data-envira-index=\"3\" src=\"https:\/\/centrebertrandgruss.com\/WordPress4\/wp-content\/uploads\/2018\/04\/la-tasca-di-tosca-640x480.jpg\" data-envira-src=\"https:\/\/centrebertrandgruss.com\/WordPress4\/wp-content\/uploads\/2018\/04\/la-tasca-di-tosca-640x480.jpg\" data-envira-gallery-id=\"1042\" data-envira-item-id=\"1045\" data-envira-caption=\"la-tasca-di-tosca\" alt=\"\" title=\"la-tasca-di-tosca\"  itemprop=\"thumbnailUrl\" data-envira-srcset=\"https:\/\/centrebertrandgruss.com\/WordPress4\/wp-content\/uploads\/2018\/04\/la-tasca-di-tosca-640x480.jpg 400w,https:\/\/centrebertrandgruss.com\/WordPress4\/wp-content\/uploads\/2018\/04\/la-tasca-di-tosca-640x480.jpg 2x\" srcset=\"data:image\/gif;base64,R0lGODlhAQABAIAAAP\/\/\/\/\/\/\/yH5BAEKAAEALAAAAAABAAEAAAICTAEAOw==\" \/><\/div><\/a><\/div><\/div><div id=\"envira-gallery-item-1046\" class=\"envira-gallery-item enviratope-item envira-gallery-item-4 envira-lazy-load\" style=\"padding-left: 5px; padding-bottom: 10px; padding-right: 5px;\"  itemscope itemtype=\"https:\/\/schema.org\/ImageObject\"><div class=\"envira-gallery-item-inner\"><div class=\"envira-gallery-position-overlay  envira-gallery-top-left\"><\/div><div class=\"envira-gallery-position-overlay  envira-gallery-top-right\"><\/div><div class=\"envira-gallery-position-overlay  envira-gallery-bottom-left\"><\/div><div class=\"envira-gallery-position-overlay  envira-gallery-bottom-right\"><\/div><a href=\"https:\/\/centrebertrandgruss.com\/WordPress4\/wp-content\/uploads\/2018\/04\/uni-femmes.jpg\" class=\"envira-gallery-1042 envira-gallery-link\" rel=\"enviragallery1042\" title=\"uni-femmes\" data-envira-caption=\"uni-femmes\" data-envira-retina=\"\" data-thumbnail=\"\"  itemprop=\"contentUrl\"><div class=\"envira-lazy\" data-test-width=\"640\" data-test-height=\"480\" style=\"padding-bottom:75%;\"><img decoding=\"async\" id=\"envira-gallery-image-1046\" class=\"envira-gallery-image envira-gallery-image-4\" data-envira-index=\"4\" src=\"https:\/\/centrebertrandgruss.com\/WordPress4\/wp-content\/uploads\/2018\/04\/uni-femmes-640x480.jpg\" data-envira-src=\"https:\/\/centrebertrandgruss.com\/WordPress4\/wp-content\/uploads\/2018\/04\/uni-femmes-640x480.jpg\" data-envira-gallery-id=\"1042\" data-envira-item-id=\"1046\" data-envira-caption=\"uni-femmes\" alt=\"\" title=\"uni-femmes\"  itemprop=\"thumbnailUrl\" data-envira-srcset=\"https:\/\/centrebertrandgruss.com\/WordPress4\/wp-content\/uploads\/2018\/04\/uni-femmes-640x480.jpg 400w,https:\/\/centrebertrandgruss.com\/WordPress4\/wp-content\/uploads\/2018\/04\/uni-femmes-640x480.jpg 2x\" srcset=\"data:image\/gif;base64,R0lGODlhAQABAIAAAP\/\/\/\/\/\/\/yH5BAEKAAEALAAAAAABAAEAAAICTAEAOw==\" \/><\/div><\/a><\/div><\/div><div id=\"envira-gallery-item-1077\" class=\"envira-gallery-item enviratope-item envira-gallery-item-5 envira-lazy-load\" style=\"padding-left: 5px; padding-bottom: 10px; padding-right: 5px;\"  itemscope itemtype=\"https:\/\/schema.org\/ImageObject\"><div class=\"envira-gallery-item-inner\"><div class=\"envira-gallery-position-overlay  envira-gallery-top-left\"><\/div><div class=\"envira-gallery-position-overlay  envira-gallery-top-right\"><\/div><div class=\"envira-gallery-position-overlay  envira-gallery-bottom-left\"><\/div><div class=\"envira-gallery-position-overlay  envira-gallery-bottom-right\"><\/div><a href=\"https:\/\/centrebertrandgruss.com\/WordPress4\/wp-content\/uploads\/2018\/09\/concerto-TEGLIO-2018-per-IDA.jpg\" class=\"envira-gallery-1042 envira-gallery-link\" rel=\"enviragallery1042\" title=\"concerto TEGLIO 2018 per IDA\" data-envira-caption=\"concerto TEGLIO 2018 per IDA\" data-envira-retina=\"\" data-thumbnail=\"\"  itemprop=\"contentUrl\"><div class=\"envira-lazy\" data-test-width=\"640\" data-test-height=\"480\" style=\"padding-bottom:75%;\"><img decoding=\"async\" id=\"envira-gallery-image-1077\" class=\"envira-gallery-image envira-gallery-image-5\" data-envira-index=\"5\" src=\"https:\/\/centrebertrandgruss.com\/WordPress4\/wp-content\/uploads\/2018\/09\/concerto-TEGLIO-2018-per-IDA-640x480.jpg\" data-envira-src=\"https:\/\/centrebertrandgruss.com\/WordPress4\/wp-content\/uploads\/2018\/09\/concerto-TEGLIO-2018-per-IDA-640x480.jpg\" data-envira-gallery-id=\"1042\" data-envira-item-id=\"1077\" data-envira-caption=\"concerto TEGLIO 2018 per IDA\" alt=\"\" title=\"concerto TEGLIO 2018 per IDA\"  itemprop=\"thumbnailUrl\" data-envira-srcset=\"https:\/\/centrebertrandgruss.com\/WordPress4\/wp-content\/uploads\/2018\/09\/concerto-TEGLIO-2018-per-IDA-640x480.jpg 400w,https:\/\/centrebertrandgruss.com\/WordPress4\/wp-content\/uploads\/2018\/09\/concerto-TEGLIO-2018-per-IDA-640x480.jpg 2x\" srcset=\"data:image\/gif;base64,R0lGODlhAQABAIAAAP\/\/\/\/\/\/\/yH5BAEKAAEALAAAAAABAAEAAAICTAEAOw==\" \/><\/div><\/a><\/div><\/div><div id=\"envira-gallery-item-1093\" class=\"envira-gallery-item enviratope-item envira-gallery-item-6 envira-lazy-load\" style=\"padding-left: 5px; padding-bottom: 10px; padding-right: 5px;\"  itemscope itemtype=\"https:\/\/schema.org\/ImageObject\"><div class=\"envira-gallery-item-inner\"><div class=\"envira-gallery-position-overlay  envira-gallery-top-left\"><\/div><div class=\"envira-gallery-position-overlay  envira-gallery-top-right\"><\/div><div class=\"envira-gallery-position-overlay  envira-gallery-bottom-left\"><\/div><div class=\"envira-gallery-position-overlay  envira-gallery-bottom-right\"><\/div><a href=\"https:\/\/centrebertrandgruss.com\/WordPress4\/wp-content\/uploads\/2018\/04\/Numrisation_20180910.jpg\" class=\"envira-gallery-1042 envira-gallery-link\" rel=\"enviragallery1042\" title=\"Num?risation_20180910\" data-envira-caption=\"Num?risation_20180910\" data-envira-retina=\"\" data-thumbnail=\"\"  itemprop=\"contentUrl\"><div class=\"envira-lazy\" data-test-width=\"640\" data-test-height=\"480\" style=\"padding-bottom:75%;\"><img decoding=\"async\" id=\"envira-gallery-image-1093\" class=\"envira-gallery-image envira-gallery-image-6\" data-envira-index=\"6\" src=\"https:\/\/centrebertrandgruss.com\/WordPress4\/wp-content\/uploads\/2018\/04\/Numrisation_20180910-745x1024-640x480.jpg\" data-envira-src=\"https:\/\/centrebertrandgruss.com\/WordPress4\/wp-content\/uploads\/2018\/04\/Numrisation_20180910-745x1024-640x480.jpg\" data-envira-gallery-id=\"1042\" data-envira-item-id=\"1093\" data-envira-caption=\"Num?risation_20180910\" alt=\"\" title=\"Num?risation_20180910\"  itemprop=\"thumbnailUrl\" data-envira-srcset=\"https:\/\/centrebertrandgruss.com\/WordPress4\/wp-content\/uploads\/2018\/04\/Numrisation_20180910-745x1024-640x480.jpg 400w,https:\/\/centrebertrandgruss.com\/WordPress4\/wp-content\/uploads\/2018\/04\/Numrisation_20180910-745x1024-640x480.jpg 2x\" srcset=\"data:image\/gif;base64,R0lGODlhAQABAIAAAP\/\/\/\/\/\/\/yH5BAEKAAEALAAAAAABAAEAAAICTAEAOw==\" \/><\/div><\/a><\/div><\/div><div id=\"envira-gallery-item-1109\" class=\"envira-gallery-item enviratope-item envira-gallery-item-7 envira-lazy-load\" style=\"padding-left: 5px; padding-bottom: 10px; padding-right: 5px;\"  itemscope itemtype=\"https:\/\/schema.org\/ImageObject\"><div class=\"envira-gallery-item-inner\"><div class=\"envira-gallery-position-overlay  envira-gallery-top-left\"><\/div><div class=\"envira-gallery-position-overlay  envira-gallery-top-right\"><\/div><div class=\"envira-gallery-position-overlay  envira-gallery-bottom-left\"><\/div><div class=\"envira-gallery-position-overlay  envira-gallery-bottom-right\"><\/div><a href=\"https:\/\/centrebertrandgruss.com\/WordPress4\/wp-content\/uploads\/2018\/10\/Femmes-dOpra-et-Imagine-for-Margo.pdf\" class=\"envira-gallery-1042 envira-gallery-link\" rel=\"enviragallery1042\" title=\"Femmes d&amp;#039;Op?ra et Imagine for Margo\" data-envira-caption=\"Femmes d&amp;#039;Op?ra et Imagine for Margo\" data-envira-retina=\"\" data-thumbnail=\"\"  itemprop=\"contentUrl\"><div class=\"envira-lazy\" data-test-width=\"640\" data-test-height=\"480\" style=\"padding-bottom:75%;\"><img decoding=\"async\" id=\"envira-gallery-image-1109\" class=\"envira-gallery-image envira-gallery-image-7\" data-envira-index=\"7\" src=\"https:\/\/centrebertrandgruss.com\/WordPress4\/wp-content\/uploads\/2018\/10\/Femmes-dOpra-et-Imagine-for-Margo-pdf-1-724x1024-640x480.jpg\" data-envira-src=\"https:\/\/centrebertrandgruss.com\/WordPress4\/wp-content\/uploads\/2018\/10\/Femmes-dOpra-et-Imagine-for-Margo-pdf-1-724x1024-640x480.jpg\" data-envira-gallery-id=\"1042\" data-envira-item-id=\"1109\" data-envira-caption=\"Femmes d&amp;#039;Op?ra et Imagine for Margo\" alt=\"\" title=\"Femmes d&amp;amp;#039;Op?ra et Imagine for Margo\"  itemprop=\"thumbnailUrl\" data-envira-srcset=\"https:\/\/centrebertrandgruss.com\/WordPress4\/wp-content\/uploads\/2018\/10\/Femmes-dOpra-et-Imagine-for-Margo-pdf-1-724x1024-640x480.jpg 400w,https:\/\/centrebertrandgruss.com\/WordPress4\/wp-content\/uploads\/2018\/10\/Femmes-dOpra-et-Imagine-for-Margo-pdf-1-724x1024-640x480.jpg 2x\" srcset=\"data:image\/gif;base64,R0lGODlhAQABAIAAAP\/\/\/\/\/\/\/yH5BAEKAAEALAAAAAABAAEAAAICTAEAOw==\" \/><\/div><\/a><\/div><\/div><div id=\"envira-gallery-item-1680\" class=\"envira-gallery-item enviratope-item envira-gallery-item-8 envira-lazy-load\" style=\"padding-left: 5px; padding-bottom: 10px; padding-right: 5px;\"  itemscope itemtype=\"https:\/\/schema.org\/ImageObject\"><div class=\"envira-gallery-item-inner\"><div class=\"envira-gallery-position-overlay  envira-gallery-top-left\"><\/div><div class=\"envira-gallery-position-overlay  envira-gallery-top-right\"><\/div><div class=\"envira-gallery-position-overlay  envira-gallery-bottom-left\"><\/div><div class=\"envira-gallery-position-overlay  envira-gallery-bottom-right\"><\/div><a href=\"https:\/\/centrebertrandgruss.com\/WordPress4\/wp-content\/uploads\/2018\/04\/La-tasca-di-Tosca-20190707.jpg\" class=\"envira-gallery-1042 envira-gallery-link\" rel=\"enviragallery1042\" title=\"La-tasca-di-Tosca-20190707\" data-envira-caption=\"La-tasca-di-Tosca-20190707\" data-envira-retina=\"\" data-thumbnail=\"\"  itemprop=\"contentUrl\"><div class=\"envira-lazy\" data-test-width=\"640\" data-test-height=\"480\" style=\"padding-bottom:75%;\"><img decoding=\"async\" id=\"envira-gallery-image-1680\" class=\"envira-gallery-image envira-gallery-image-8\" data-envira-index=\"8\" src=\"https:\/\/centrebertrandgruss.com\/WordPress4\/wp-content\/uploads\/2018\/04\/La-tosca-di-Tosca-20190707-731x1024-640x480.jpg\" data-envira-src=\"https:\/\/centrebertrandgruss.com\/WordPress4\/wp-content\/uploads\/2018\/04\/La-tosca-di-Tosca-20190707-731x1024-640x480.jpg\" data-envira-gallery-id=\"1042\" data-envira-item-id=\"1680\" data-envira-caption=\"La-tasca-di-Tosca-20190707\" alt=\"\" title=\"La-tasca-di-Tosca-20190707\"  itemprop=\"thumbnailUrl\" data-envira-srcset=\"https:\/\/centrebertrandgruss.com\/WordPress4\/wp-content\/uploads\/2018\/04\/La-tosca-di-Tosca-20190707-731x1024-640x480.jpg 400w,https:\/\/centrebertrandgruss.com\/WordPress4\/wp-content\/uploads\/2018\/04\/La-tosca-di-Tosca-20190707-731x1024-640x480.jpg 2x\" srcset=\"data:image\/gif;base64,R0lGODlhAQABAIAAAP\/\/\/\/\/\/\/yH5BAEKAAEALAAAAAABAAEAAAICTAEAOw==\" \/><\/div><\/a><\/div><\/div><\/div><\/div><noscript><img decoding=\"async\" src=\"https:\/\/centrebertrandgruss.com\/WordPress4\/wp-content\/uploads\/2018\/04\/art-gent-loc.jpg\" alt=\"\" \/><img decoding=\"async\" src=\"https:\/\/centrebertrandgruss.com\/WordPress4\/wp-content\/uploads\/2018\/04\/atelier-psdr.jpg\" alt=\"\" \/><img decoding=\"async\" src=\"https:\/\/centrebertrandgruss.com\/WordPress4\/wp-content\/uploads\/2018\/04\/la-tasca-di-tosca.jpg\" alt=\"\" \/><img decoding=\"async\" src=\"https:\/\/centrebertrandgruss.com\/WordPress4\/wp-content\/uploads\/2018\/04\/uni-femmes.jpg\" alt=\"\" \/><img decoding=\"async\" src=\"https:\/\/centrebertrandgruss.com\/WordPress4\/wp-content\/uploads\/2018\/09\/concerto-TEGLIO-2018-per-IDA.jpg\" alt=\"\" \/><img decoding=\"async\" src=\"https:\/\/centrebertrandgruss.com\/WordPress4\/wp-content\/uploads\/2018\/04\/Numrisation_20180910.jpg\" alt=\"\" \/><img decoding=\"async\" src=\"https:\/\/centrebertrandgruss.com\/WordPress4\/wp-content\/uploads\/2018\/10\/Femmes-dOpra-et-Imagine-for-Margo-pdf-1.jpg\" alt=\"\" \/><img decoding=\"async\" src=\"https:\/\/centrebertrandgruss.com\/WordPress4\/wp-content\/uploads\/2018\/04\/La-tosca-di-Tosca-20190707.jpg\" alt=\"\" \/><\/noscript>\n<\/div>\n<\/div>\n","protected":false},"excerpt":{"rendered":"<p>&#8220;Femmes&#8221; le f\u00e9stival tout au long de l&#8217;ann\u00e9e. Interviewes, spectacles, rencontres litt\u00e9raires, ateliers, expositions .<\/p>\n","protected":false},"author":1,"featured_media":0,"parent":0,"menu_order":4,"comment_status":"closed","ping_status":"closed","template":"page-right-sidebar-modded.php","meta":{"footnotes":""},"class_list":["post-1040","page","type-page","status-publish","hentry"],"rttpg_featured_image_url":null,"rttpg_author":{"display_name":"admin","author_link":"https:\/\/centrebertrandgruss.com\/WordPress4\/?author=1"},"rttpg_comment":0,"rttpg_category":" <a href=\"https:\/\/centrebertrandgruss.com\/WordPress4\/\" rel=\"tag\">Fran\u00e7ais<\/a>","rttpg_excerpt":"&#8220;Femmes&#8221; le f\u00e9stival tout au long de l&#8217;ann\u00e9e. Interviewes, spectacles, rencontres litt\u00e9raires, ateliers, expositions .","_links":{"self":[{"href":"https:\/\/centrebertrandgruss.com\/WordPress4\/index.php?rest_route=\/wp\/v2\/pages\/1040","targetHints":{"allow":["GET"]}}],"collection":[{"href":"https:\/\/centrebertrandgruss.com\/WordPress4\/index.php?rest_route=\/wp\/v2\/pages"}],"about":[{"href":"https:\/\/centrebertrandgruss.com\/WordPress4\/index.php?rest_route=\/wp\/v2\/types\/page"}],"author":[{"embeddable":true,"href":"https:\/\/centrebertrandgruss.com\/WordPress4\/index.php?rest_route=\/wp\/v2\/users\/1"}],"replies":[{"embeddable":true,"href":"https:\/\/centrebertrandgruss.com\/WordPress4\/index.php?rest_route=%2Fwp%2Fv2%2Fcomments&post=1040"}],"version-history":[{"count":3,"href":"https:\/\/centrebertrandgruss.com\/WordPress4\/index.php?rest_route=\/wp\/v2\/pages\/1040\/revisions"}],"predecessor-version":[{"id":1050,"href":"https:\/\/centrebertrandgruss.com\/WordPress4\/index.php?rest_route=\/wp\/v2\/pages\/1040\/revisions\/1050"}],"wp:attachment":[{"href":"https:\/\/centrebertrandgruss.com\/WordPress4\/index.php?rest_route=%2Fwp%2Fv2%2Fmedia&parent=1040"}],"curies":[{"name":"wp","href":"https:\/\/api.w.org\/{rel}","templated":true}]}}